**2 - 56*x - 107. Determine w(-2).
-2347
Let g(m) = 29609*m - 59173. Give g(2).
45
Let v(i) = 8*i**3 + 19*i**2 - 118*i - 13. Determine v(5).
872
Let k(g) = g**3 + 56*g**2 + 34*g - 594. What is k(-55)?
561
Let j(g) = 2017165*g + 12102971. Calculate j(-6).
-19
Let m(c) = -2866*c - 134590. Give m(-47).
112
Let b(r) = 2*r**3 - 38*r**2 - 62*r + 2382. What is b(16)?
-146
Let q(t) = -t**2 - 23*t + 22. Give q(-13).
152
Let j(y) = -y**2 - 395*y + 8303. Determine j(20).
3
Let x(i) = i**2 - 952*i + 145873. Determine x(192).
-47
Let m(s) = 29339*s - 674579. Determine m(23).
218
Let o(k) = 328722*k + 2300767. Determine o(-7).
-287
Let s(h) = -10870*h - 6380694. Determine s(-587).
-4
Let p(n) = -4055*n - 32479. Determine p(-8).
-39
Let s(j) = 1009*j + 48362. Calculate s(-48).
-70
Let x(h) = h**3 + 43*h**2 - 46*h - 223. Give x(-44).
-135
Let o(a) = a**3 + 32*a**2 + 247*a + 398. What is o(-10)?
128
Let w(q) = 4*q**3 - 2*q**2 - 387*q - 384. What is w(-9)?
21
Let r(c) = -242*c - 15193. What is r(-69)?
1505
Let n(a) = -3*a**2 + 573*a + 1769. Determine n(-3).
23
Let p(m) = 126903*m - 1903543. Give p(15).
2
Let s(a) = -135599*a - 1084566. Calculate s(-8).
226
Let d(b) = 2*b**3 - 74*b**2 + 367*b + 17. Give d(6).
-13
Let j(v) = 3*v**2 + 14356*v - 143800. What is j(10)?
60
Let p(j) = -29*j**2 + 658*j + 172. What is p(23)?
-35
Let j(w) = 269*w**3 - 5376*w**2 - 77*w - 32. Calculate j(20).
28
Let y(a) = 218*a + 5014. Calculate y(-18).
1090
Let d(p) = 3*p**3 - 131*p**2 + 770*p + 19. Determine d(37).
1129
Let k(w) = -6*w**2 + 286*w - 566. Determine k(2).
-18
Let d(n) = -13*n**2 - 2*n + 26. Determine d(-3).
-85
Let b(u) = u**3 + 3862*u**2 - 23204*u - 5. What is b(6)?
19
Let w(o) = 1132667*o - 4530635. Give w(4).
33
Let f(a) = 252265*a + 1009033. What is f(-4)?
-27
Let z(u) = -9668*u + 522086. Determine z(54).
14
Let i(l) = -5*l**3 - 390*l**2 + 12*l + 930. Give i(-78).
-6
Let p(c) = -1069*c + 17147. Determine p(16).
43
Let q(k) = -1330*k + 438928. Determine q(330).
28
Let v(g) = -48509*g - 242500. Calculate v(-5).
45
Let f(h) = -7371928*h + 36859647. Determine f(5).
7
Let b(n) = -64*n**2 + 368*n - 366. Give b(5).
-126
Let b(r) = -16*r**2 + 372*r - 440. What is b(22)?
0
Let w(h) = -h**2 + 1274*h - 13906. What is w(11)?
-13
Let y(x) = -834*x**2 + 19166*x + 371. Give y(23).
3
Let g(y) = 1733*y + 341428. Calculate g(-197).
27
Let s(a) = 16*a**3 + 490*a**2 + 776*a + 627. What is s(-29)?
-11
Let r(p) = -4*p**3 + 4307*p**2 + 21623*p - 42. Give r(-5).
18
Let v(o) = -891*o**2 - 4460*o - 21. What is v(-5)?
4
Let i(f) = f**3 + 36*f**2 - 3202*f - 115165. What is i(-36)?
107
Let u(o) = -2446*o + 2661. What is u(1)?
215
Let v(d) = -299828*d + 1199328. Give v(4).
16
Let c(m) = -m**3 - 26*m**2 + 236*m + 133. Give c(-33).
-32
Let n(v) = -v**2 + 1325*v + 37899. Calculate n(-28).
15
Let l(z) = 4370*z + 30633. What is l(-7)?
43
Let c(l) = l**3 + 18*l**2 - 298*l - 4955. Calculate c(-21).
-20
Let q(n) = 206*n**2 - 420*n + 1239. Determine q(3).
1833
Let p(r) = r**3 + 145*r**2 + 2177*r - 49. Determine p(-17).
-66
Let s(i) = -1482*i - 360077. What is s(-243)?
49
Let g(w) = -7*w**2 + 1705*w + 12020. Calculate g(-7).
-258
Let q(m) = 4*m**2 + 17*m - 255. Give q(6).
-9
Let h(d) = 1597*d**2 - 9564*d - 30. What is h(6)?
78
Let i(y) = -1322*y**2 - 243246*y + 361. Determine i(-184).
-7
Let i(j) = -16*j**2 + 2325*j - 14014. Calculate i(6).
-640
Let q(j) = -9*j**3 + 257*j**2 - 140*j + 26. What is q(28)?
26
Let c(m) = 20*m**3 - 204*m**2 + 170*m + 1463. Give c(8).
7
Let f(t) = t**2 + 54585*t - 2294306. What is f(42)?
28
Let n(o) = -o**2 + 3593*o - 453518. Give n(131).
4
Let q(z) = z**3 + 28*z**2 + 96*z - 6. What is q(-25)?
-531
Let l(u) = 4*u**3 + 429*u**2 + 938*u - 714. Determine l(-105).
21
Let x(t) = 2*t**2 + 577*t - 465. Determine x(0).
-465
Let c(w) = 4257*w - 4077. Give c(1).
180
Let w(i) = -116355*i - 698148. Calculate w(-6).
-18
Let h(f) = 132*f**2 + 1711*f + 107. Determine h(-13).
172
Let q(h) = -14015*h - 1821947. Determine q(-130).
3
Let k(r) = -37*r**2 - 441*r + 31. What is k(-12)?
-5
Let r(v) = 8004*v - 288146. Calculate r(36).
-2
Let f(g) = 3*g**3 - 104*g**2 + 76*g - 219. Give f(34).
53
Let t(v) = -521*v - 3546. What is t(-8)?
622
Let k(a) = 11*a**3 + 8279*a**2 - 2996*a + 12045. What is k(-753)?
-3
Let p(x) = -2*x**2 + 121*x - 2397. What is p(43)?
-892
Let b(r) = 6*r**2 + 91*r + 1524. What is b(-10)?
1214
Let x(t) = -3*t**3 - 122*t**2 - 170*t - 8669. Determine x(-41).
-18
Let w(g) = -80722*g + 8637280. What is w(107)?
26
Let t(d) = 15*d**3 - 135*d**2 - 170*d + 1522. Give t(9).
-8
Let x(i) = -4646*i + 27743. Give x(6).
-133
Let m(h) = 2*h**3 + 109*h**2 - 77*h - 7081. Give m(-54).
-7
Let o(a) = 10413*a + 20781. Give o(-2).
-45
Let b(r) = r**2 + 453*r - 39529. Give b(75).
71
Let m(x) = -291*x + 5081. Give m(30).
-3649
Let y(z) = -2*z**3 - 541*z**2 + 4174*z + 1108. What is y(-278)?
-4
Let l(o) = -2*o**3 - 205*o**2 - 23*o - 13141. What is l(-103)?
-163
Let t(y) = -335*y**2 - 2673*y + 56. Give t(-8).
0
Let v(t) = -28*t**2 + 3279*t - 6555. What is v(2)?
-109
Let c(f) = -f**2 - 99*f + 4262. Calculate c(-132).
-94
Let j(a) = -7*a**2 - 187*a + 2890. Give j(14).
-1100
Let w(h) = 787*h**2 + 13*h + 5. Calculate w(-1).
779
Let u(b) = -b**3 + 6*b**2 + 218*b + 735. Determine u(-4).
23
Let x(d) = 8*d**2 + 26307*d - 157982. Determine x(6).
148
Let i(q) = 18519*q + 38. Calculate i(0).
38
Let k(d) = d**2 + 854*d + 35802. What is k(-44)?
162
Let x(c) = -c**2 + 452*c - 42639. What is x(127)?
-1364
Let t(p) = -4*p**3 - 1131*p**2 + 286*p + 742. Determine t(-283).
-107
Let b(m) = -72*m**2 - 919*m + 286. What is b(-13)?
65
Let l(g) = -2*g**3 - 46*g**2 - 170*g - 3358. Determine l(-22).
-586
Let u(s) = 275130*s + 2751298. Calculate u(-10).
-2
Let s(y) = -171*y + 17380. What is s(128)?
-4508
Let b(j) = -261*j + 1114. Calculate b(7).
-713
Let g(s) = -3426*s - 2737430. What is g(-799)?
-56
Let j(d) = 619*d - 12339. Determine j(20).
41
Let j(q) = q**2 - 196*q - 3999. Calculate j(-18).
-147
Let k(x) = -2*x**3 - 229*x**2 - 1196*x + 277. What is k(-109)?
-50
Let j(o) = -9*o**2 - 6333*o - 44305. Calculate j(-7).
-415
Let o(w) = 26*w**2 + 4901*w - 2628. Calculate o(-189).
-171
Let w(c) = 2*c**3 - 486*c**2 + 22913*c - 102. What is w(64)?
-38
Let m(p) = p**2 - 134489*p - 941480. What is m(-7)?
-8
Let t(n) = 547293*n - 10945863. Calculate t(20).
-3
Let o(p) = -3952*p - 3656. Determine o(-1).
296
Let a(v) = 1499*v - 28344. Give a(19).
137
Let x(l) = -l**3 + 137*l**2 + 1025*l - 44731. Give x(142).
-1
Let u(x) = -238*x + 2217. Determine u(9).
75
Let z(k) = k**3 + 5*k**2 - 197*k + 797. Give z(5).
62
Let f(h) = h**3 + 12*h**2 - 251*h - 433. Give f(-20).
1387
Let c(s) = -21541*s + 86166. Determine c(4).
2
Let a(q) = q**3 - 225*q**2 + 1339*q - 5491. Calculate a(219).
-16
Let j(a) = -2*a**3 - 51*a**2 + 624*a - 8. Determine j(9).
19
Let v(h) = -4*h**3 - 145*h**2 - 1359*h - 54387. Determine v(-37).
3
Let p(z) = -4*z**3 + 5*z**2 + 4*z + 19. Calculate p(-4).
339
Let j(c) = 1267*c + 3439. Determine j(-4).
-1629
Let g(x) = -103*x**2 - 1202*x - 20. What is g(-11)?
739
Let p(z) = -249*z**2 - 236*z - 43. Give p(-4).
-3083
Let t(y) = y**2 + 1405*y - 20308. Calculate t(14).
-442
Let y(s) = -5272*s + 4491761. What is y(852)?
17
Let h(b) = -17*b**3 - 27*b**2 + 51*b + 76. Calculate h(-1).
15
Let n(y) = 642*y + 16968. Calculate n(-27).
-366
Let z(a) = -a**3 - 29*a**2 - 130*a + 64. What is z(-19)?
-1076
Let p(j) = -3182*j + 579131. Calculate p(182).
7
Let s(o) = 62*o**2 - 1969*o - 2514. What is s(33)?
27
Let s(p) = -570*p**2 + 110010*p - 8. What is s(193)?
-8
Let x(u) = u**2 - 151*u + 5337. Give x(58).
-57
Let y(r) = -r**2 + 8*r + 269. What is y(-16)?
-115
Let b(t) = 20*t**2 + 6092*t + 3642. What is b(-304)?
-6
Let o(m) = -m**3 - 8*m**2 + 178205*m + 1247495. Give o(-7).
11
Let g(c) = 359*c - 17398. What is g(49)?
193
Let a(k) = -14*k - 1477. What is a(-129)?
329
Let c(u) = -159690*u + 69624842. Give c(436).
2
Let a(u) = 19567*u + 19665. What is a(-1)?
98
Let l(g) = g**2 + 203*g + 206. Calculate l(-1).
4
Let q(k) = 3*k**2 - 474*k - 3461. Calculate q(-7).
4
Let w(b) = 10*b**2 + 126*b. Give w(-7).
-392
Let w(i) = 2411*i + 8297. Determine w(-3).
1064
Let g(a) = -a**3 - 526*a**2 + 11483*a + 60. Give g(21).
-24
Let u(n) = n**3 + 422*n**2 + 1647*n - 10433. Give